{"id":184,"date":"2020-02-11T16:17:31","date_gmt":"2020-02-11T16:17:31","guid":{"rendered":"http:\/\/site.croixrougeath.be\/?page_id=184"},"modified":"2020-09-16T14:39:32","modified_gmt":"2020-09-16T14:39:32","slug":"bouquinerie","status":"publish","type":"page","link":"https:\/\/site.croixrougeath.be\/index.php\/nos-activites\/bouquinerie\/","title":{"rendered":"Bouquinerie"},"content":{"rendered":"<div class=\"vce-row-container\"><div class=\"vce-row vce-row--col-gap-30 vce-row-columns--top vce-row-content--top\" id=\"el-695538cd\" data-vce-do-apply=\"all el-695538cd\"><div class=\"vce-row-content\" data-vce-element-content=\"true\"><div class=\"vce-col vce-col--md-auto vce-col--xs-1 vce-col--xs-last vce-col--xs-first vce-col--sm-last vce-col--sm-first vce-col--md-first vce-col--lg-first vce-col--xl-first\" id=\"el-2896b858\"><div class=\"vce-col-inner\" data-vce-do-apply=\"border margin background  el-2896b858\"><div class=\"vce-col-content\" data-vce-element-content=\"true\" data-vce-do-apply=\"padding el-2896b858\"><div class=\"vce-text-block\"><div class=\"vce-text-block-wrapper vce\" id=\"el-3d78bb30\" data-vce-do-apply=\"all el-3d78bb30\"><p>Pour faire le bonheur des uns et des autres !<\/p><h4>Livres, CD, DVD ...<\/h4><p>Des livres, disques et films offerts \u00e0 la Croix-Rouge sont mis en vente \u00e0 prix mini. Soigneusement tri\u00e9s par cat\u00e9gories: romans, livres d'art, d'histoire, de voyage... Livres techniques et livres scolaires, BD, jeunesse...<\/p><h4>Une lecture solidaire<\/h4><p>En offrant et\/ou en achetant vos livres \u00e0 la Bouquinerie, vous financez nos projets de solidarit\u00e9 et de proximit\u00e9: accompagnement de personnes \u00e2g\u00e9es isol\u00e9es, pr\u00e9sence et soutien en h\u00f4pital, en maison de repos, aide aux plus d\u00e9munis, \u00e9picerie sociale... Une mani\u00e8re de vous faire plaisir en faisant oeuvre utile.<\/p><\/div><\/div><\/div><\/div><\/div><div class=\"vce-col vce-col--md-auto vce-col--xs-1 vce-col--xs-last vce-col--xs-first vce-col--sm-last vce-col--sm-first vce-col--md-last vce-col--lg-last vce-col--xl-last\" id=\"el-7df8b261\"><div class=\"vce-col-inner\" data-vce-do-apply=\"border margin background  el-7df8b261\"><div class=\"vce-col-content\" data-vce-element-content=\"true\" data-vce-do-apply=\"padding el-7df8b261\"><div class=\"vce-single-image-container vce-single-image--align-left\"><div class=\"vce vce-single-image-wrapper\" id=\"el-7c626bdc\" data-vce-do-apply=\"all el-7c626bdc\"><figure><div class=\"vce-single-image-inner vce-single-image--absolute\" style=\"padding-bottom: 50.78125%; width: 1024px;\"><img class=\"vce-single-image\" width=\"1024\" height=\"520\"src=\"https:\/\/site.croixrougeath.be\/wp-content\/uploads\/2020\/09\/11-1180x600-1-1024x520.jpg\" srcset=\"https:\/\/site.croixrougeath.be\/wp-content\/uploads\/2020\/09\/11-1180x600-1-320x163.jpg 320w,https:\/\/site.croixrougeath.be\/wp-content\/uploads\/2020\/09\/11-1180x600-1-480x244.jpg 480w,https:\/\/site.croixrougeath.be\/wp-content\/uploads\/2020\/09\/11-1180x600-1-800x406.jpg 800w,https:\/\/site.croixrougeath.be\/wp-content\/uploads\/2020\/09\/11-1180x600-1-1024x520.jpg 1024w\" data-img-src=\"https:\/\/site.croixrougeath.be\/wp-content\/uploads\/2020\/02\/11-1180x600-1.jpg\" alt=\"\" title=\"11-1180x600\"\/><\/div><\/figure><\/div><\/div><\/div><\/div><\/div><\/div><\/div><\/div><div class=\"vce-row-container\"><div class=\"vce-row vce-row--col-gap-30 vce-row-columns--top vce-row-content--top\" id=\"el-8d9ba846\" data-vce-do-apply=\"all el-8d9ba846\"><div class=\"vce-row-content\" data-vce-element-content=\"true\"><div class=\"vce-col vce-col--md-auto vce-col--xs-1 vce-col--xs-last vce-col--xs-first vce-col--sm-last vce-col--sm-first vce-col--md-last vce-col--lg-last vce-col--xl-last vce-col--md-first vce-col--lg-first vce-col--xl-first\" id=\"el-43b650de\"><div class=\"vce-col-inner\" data-vce-do-apply=\"border margin background  el-43b650de\"><div class=\"vce-col-content\" data-vce-element-content=\"true\" data-vce-do-apply=\"padding el-43b650de\"><div class=\"vce-text-block\"><div class=\"vce-text-block-wrapper vce\" id=\"el-ac897a0f\" data-vce-do-apply=\"all el-ac897a0f\"><h2>Heures d'ouverture<\/h2><p>Le <strong>lundi<\/strong> : <span style=\"color: #d80000;\"><strong>09:00<\/strong> \u00e0 <strong>12:30<\/strong><\/span><\/p><p>Du&nbsp;<strong>mardi<\/strong>&nbsp;au <strong>vendredi<\/strong> : <span style=\"color: #d80000;\"><strong>09:00<\/strong> \u00e0 <strong>12:30<\/strong> et&nbsp;<\/span><span style=\"color: #d80000;\"><strong>13:30<\/strong>&nbsp;\u00e0 <strong>17:00<\/strong><\/span><\/p><p>Le <strong>samedi<\/strong> : <span style=\"color: #d80000;\"><strong>09:00<\/strong> \u00e0 <strong>12:30<\/strong><\/span><\/p><\/div><\/div><\/div><\/div><\/div><\/div><\/div><\/div><div class=\"vce-row-container\"><div class=\"vce-row vce-row--col-gap-30 vce-row-columns--top vce-row-content--top\" id=\"el-66153454\" data-vce-do-apply=\"all el-66153454\"><div class=\"vce-row-content\" data-vce-element-content=\"true\"><div class=\"vce-col\" id=\"el-c15f9ebb\"><div class=\"vce-col-inner\" data-vce-do-apply=\"border margin background  el-c15f9ebb\"><div class=\"vce-col-content\" data-vce-element-content=\"true\" data-vce-do-apply=\"padding el-c15f9ebb\"><div class=\"vce-text-block\"><div class=\"vce-text-block-wrapper vce\" id=\"el-c7a4a5e5\" data-vce-do-apply=\"all el-c7a4a5e5\"><h2>Prix mini<\/h2><p>Le prix des articles est compris entre 0,50 euros et 1,50 euros.&nbsp;<\/p><p>Vous pouvez t\u00e9l\u00e9charger le tarif complet ci-dessous:<\/p><\/div><\/div><\/div><\/div><\/div><\/div><\/div><\/div><div class=\"vce-row-container\"><div class=\"vce-row vce-row--col-gap-30 vce-row-columns--top vce-row-content--top\" id=\"el-70f4f772\" data-vce-do-apply=\"all el-70f4f772\"><div class=\"vce-row-content\" data-vce-element-content=\"true\"><div class=\"vce-col vce-col--md-13-30p vce-col--xs-1 vce-col--xs-last vce-col--xs-first vce-col--sm-last vce-col--sm-first vce-col--md-first vce-col--lg-first vce-col--xl-first\" id=\"el-7219192b\"><div class=\"vce-col-inner\" data-vce-do-apply=\"border margin background  el-7219192b\"><div class=\"vce-col-content\" data-vce-element-content=\"true\" data-vce-do-apply=\"padding el-7219192b\"><div class=\"vce-text-block\"><div class=\"vce-text-block-wrapper vce\" id=\"el-6ccfc770\" data-vce-do-apply=\"all el-6ccfc770\"><h2 style=\"text-align: left;\"><a href=\"http:\/\/docs.croixrougeath.be\/tarif-bouquinerie.pdf\" target=\"_blank\" rel=\"noopener noreferrer\"><span style=\"color: #d90015;\">Tarif<\/span><\/a><\/h2><\/div><\/div><\/div><\/div><\/div><div class=\"vce-col vce-col--md-86-69p vce-col--xs-1 vce-col--xs-last vce-col--xs-first vce-col--sm-last vce-col--sm-first vce-col--md-last vce-col--lg-last vce-col--xl-last\" id=\"el-9bb74e91\"><div class=\"vce-col-inner\" data-vce-do-apply=\"border margin background  el-9bb74e91\"><div class=\"vce-col-content\" data-vce-element-content=\"true\" data-vce-do-apply=\"padding el-9bb74e91\"><div class=\"vce-single-image-container vce-single-image--align-left\"><div class=\"vce vce-single-image-wrapper\" id=\"el-164567a9\" data-vce-do-apply=\"all el-164567a9\"><figure><a href=\"https:\/\/docs.croixrougeath.be\/tarif-bouquinerie.pdf\" title=\"\" target=\"_blank\" class=\"vce-single-image-inner vce-single-image--absolute\" style=\"padding-bottom: 100%; width: 64px;\" rel=\"noopener noreferrer\"><img class=\"vce-single-image\" width=\"64\" height=\"64\"src=\"https:\/\/site.croixrougeath.be\/wp-content\/uploads\/2020\/09\/prix-64x64.png\" srcset=\"https:\/\/site.croixrougeath.be\/wp-content\/uploads\/2020\/09\/prix-64x64.png 64w\" data-img-src=\"https:\/\/site.croixrougeath.be\/wp-content\/uploads\/2020\/02\/prix.png\" alt=\"Tarif\" title=\"Tarif\"\/><\/a><\/figure><\/div><\/div><\/div><\/div><\/div><\/div><\/div><\/div><div class=\"vce-row-container\"><div class=\"vce-row vce-row--col-gap-30 vce-row-columns--top vce-row-content--top\" id=\"el-1dc1a060\" data-vce-do-apply=\"all el-1dc1a060\"><div class=\"vce-row-content\" data-vce-element-content=\"true\"><div class=\"vce-col vce-col--md-auto vce-col--xs-1 vce-col--xs-last vce-col--xs-first vce-col--sm-last vce-col--sm-first vce-col--md-first vce-col--lg-first vce-col--xl-first\" id=\"el-2fe54604\"><div class=\"vce-col-inner\" data-vce-do-apply=\"border margin background  el-2fe54604\"><div class=\"vce-col-content\" data-vce-element-content=\"true\" data-vce-do-apply=\"padding el-2fe54604\"><\/div><\/div><\/div><div class=\"vce-col vce-col--md-auto vce-col--xs-1 vce-col--xs-last vce-col--xs-first vce-col--sm-last vce-col--sm-first vce-col--md-last vce-col--lg-last vce-col--xl-last\" id=\"el-02ae0b4d\"><div class=\"vce-col-inner\" data-vce-do-apply=\"border margin background  el-02ae0b4d\"><div class=\"vce-col-content\" data-vce-element-content=\"true\" data-vce-do-apply=\"padding el-02ae0b4d\"><\/div><\/div><\/div><\/div><\/div><\/div>\n","protected":false},"excerpt":{"rendered":"<p>Pour faire le bonheur des uns et des autres !Livres, CD, DVD &#8230;Des livres, disques et films offerts \u00e0 la Croix-Rouge sont mis en vente \u00e0 prix mini. Soigneusement tri\u00e9s par cat\u00e9gories: romans, livres d&rsquo;art, d&rsquo;histoire, de voyage&#8230; Livres techniques et livres scolaires, BD, jeunesse&#8230;Une lecture solidaireEn offrant et\/ou en achetant vos livres \u00e0 la&hellip; <br \/> <a class=\"read-more\" href=\"https:\/\/site.croixrougeath.be\/index.php\/nos-activites\/bouquinerie\/\">Lire la suite<\/a><\/p>\n","protected":false},"author":1,"featured_media":0,"parent":97,"menu_order":0,"comment_status":"closed","ping_status":"closed","template":"","meta":{"footnotes":""},"class_list":["post-184","page","type-page","status-publish","hentry"],"_links":{"self":[{"href":"https:\/\/site.croixrougeath.be\/index.php\/wp-json\/wp\/v2\/pages\/184","targetHints":{"allow":["GET"]}}],"collection":[{"href":"https:\/\/site.croixrougeath.be\/index.php\/wp-json\/wp\/v2\/pages"}],"about":[{"href":"https:\/\/site.croixrougeath.be\/index.php\/wp-json\/wp\/v2\/types\/page"}],"author":[{"embeddable":true,"href":"https:\/\/site.croixrougeath.be\/index.php\/wp-json\/wp\/v2\/users\/1"}],"replies":[{"embeddable":true,"href":"https:\/\/site.croixrougeath.be\/index.php\/wp-json\/wp\/v2\/comments?post=184"}],"version-history":[{"count":0,"href":"https:\/\/site.croixrougeath.be\/index.php\/wp-json\/wp\/v2\/pages\/184\/revisions"}],"up":[{"embeddable":true,"href":"https:\/\/site.croixrougeath.be\/index.php\/wp-json\/wp\/v2\/pages\/97"}],"wp:attachment":[{"href":"https:\/\/site.croixrougeath.be\/index.php\/wp-json\/wp\/v2\/media?parent=184"}],"curies":[{"name":"wp","href":"https:\/\/api.w.org\/{rel}","templated":true}]}}