{"id":264,"date":"2020-02-13T14:00:35","date_gmt":"2020-02-13T14:00:35","guid":{"rendered":"http:\/\/site.croixrougeath.be\/?page_id=264"},"modified":"2020-03-08T15:12:31","modified_gmt":"2020-03-08T15:12:31","slug":"dons-de-sang","status":"publish","type":"page","link":"https:\/\/site.croixrougeath.be\/index.php\/agenda\/dons-de-sang\/","title":{"rendered":"Dons de sang"},"content":{"rendered":"\n<div class=\"mec-wrap mec-skin-list-container  \" id=\"mec_skin_263\">\r\n\r\n    <div id=\"mec_search_form_263\" class=\"mec-search-form mec-totalcal-box\"><div class=\"mec-dropdown-wrap\" ><div class=\"mec-dropdown-search\"><i class=\"mec-sl-location-pin\"><\/i><select  name=' ' id='mec_sf_location_263' class='postform'>\n\t<option value='' selected='selected'>Lieu<\/option>\n\t<option class=\"level-0\" value=\"5\">Ath &#8211; Salle interg\u00e9n\u00e9rationnelle<\/option>\n\t<option class=\"level-0\" value=\"6\">Brugelette &#8211; Centre Culturel<\/option>\n\t<option class=\"level-0\" value=\"21\">CPAS Ath &#8211; Home de la Roselle<\/option>\n\t<option class=\"level-0\" value=\"7\">Ligne &#8211; Ecole Communale<\/option>\n\t<option class=\"level-0\" value=\"12\">Maison Croix-Rouge des deux Dendres<\/option>\n\t<option class=\"level-0\" value=\"10\">Meslin-l&rsquo;Ev\u00eaque &#8211; Ecole Communale<\/option>\n\t<option class=\"level-0\" value=\"8\">Ormeignies &#8211; Salle Spoculo<\/option>\n\t<option class=\"level-0\" value=\"22\">Ostiches &#8211; Salle du Blanc Moulin<\/option>\n\t<option class=\"level-0\" value=\"23\">Recyparc &#8211; Ath<\/option>\n<\/select>\n<\/div><\/div><\/div>\r\n        <div class=\"mec-skin-list-events-container\" id=\"mec_skin_events_263\">\r\n        Pas d&#039;\u00e9v\u00e9nement actuellement programm\u00e9.    <\/div>\r\n    \r\n    \r\n<\/div>\n","protected":false},"excerpt":{"rendered":"","protected":false},"author":1,"featured_media":275,"parent":37,"menu_order":0,"comment_status":"closed","ping_status":"closed","template":"","meta":{"footnotes":""},"class_list":["post-264","page","type-page","status-publish","has-post-thumbnail","hentry"],"_links":{"self":[{"href":"https:\/\/site.croixrougeath.be\/index.php\/wp-json\/wp\/v2\/pages\/264","targetHints":{"allow":["GET"]}}],"collection":[{"href":"https:\/\/site.croixrougeath.be\/index.php\/wp-json\/wp\/v2\/pages"}],"about":[{"href":"https:\/\/site.croixrougeath.be\/index.php\/wp-json\/wp\/v2\/types\/page"}],"author":[{"embeddable":true,"href":"https:\/\/site.croixrougeath.be\/index.php\/wp-json\/wp\/v2\/users\/1"}],"replies":[{"embeddable":true,"href":"https:\/\/site.croixrougeath.be\/index.php\/wp-json\/wp\/v2\/comments?post=264"}],"version-history":[{"count":0,"href":"https:\/\/site.croixrougeath.be\/index.php\/wp-json\/wp\/v2\/pages\/264\/revisions"}],"up":[{"embeddable":true,"href":"https:\/\/site.croixrougeath.be\/index.php\/wp-json\/wp\/v2\/pages\/37"}],"wp:featuredmedia":[{"embeddable":true,"href":"https:\/\/site.croixrougeath.be\/index.php\/wp-json\/wp\/v2\/media\/275"}],"wp:attachment":[{"href":"https:\/\/site.croixrougeath.be\/index.php\/wp-json\/wp\/v2\/media?parent=264"}],"curies":[{"name":"wp","href":"https:\/\/api.w.org\/{rel}","templated":true}]}}